ose 3*w + 4*o - 40 = 0, -7*w = -2*w + 5*o - i. List the prime factors of w.
2, 3
Let n(z) be the second derivative of z**4/12 + z**3/2 + 2*z**2 + 2*z. Let b be n(-4). Let r = b - 3. List the prime factors of r.
5
Suppose -2*m - 5*o + 16 = -0*m, -2*m - 2*o = -10. Suppose -5 + 14 = m*h. Suppose 17 = 4*t - h. What are the prime factors of t?
5
Suppose 15 + 1 = 2*v. Suppose 10 + v = n. What are the prime factors of n?
2, 3
List the prime factors of (-5088)/(-72)*30/8.
5, 53
Let d(x) be the third derivative of x**6/120 + 7*x**5/60 - 11*x**4/24 + x**3/2 - 2*x**2. What are the prime factors of d(-8)?
3
Suppose i - 29 = -3*z + 55, 3*z + 2*i = 87. List the prime factors of z.
3
Let b be (45 - 0)/(-3) - 1. Let m = -9 - b. List the prime factors of m.
7
Suppose 0 = -10*l + 6*l. Let a(j) = 14*j**2 + 34. Let s(y) = -5*y**2 - 11. Let m(g) = 4*a(g) + 11*s(g). List the prime factors of m(l).
3, 5
Suppose 0 = -2*u + 5*c - 4, -5*c = u - c - 11. Let b = u + -1. Suppose 5 - b = 3*r + 3*w, -3*r - 5*w - 1 = 0. What are the prime factors of r?
3
Let z(c) = -c**3 - 5*c**2 + c - 7. List the prime factors of z(-6).
23
Let d(w) = 4*w**2 + w - 1. Let s be d(1). Let r(h) = 6*h + 4. Let m be r(s). Suppose 5*l - 3*l = m. List the prime factors of l.
2, 7
Let i be 2/8 - (-194)/(-8). What are the prime factors of (-126)/i + (-2)/8?
5
Suppose 2*a + 4*x = 4, 7*a + 26 = 2*a - x. Let z = a - -13. What are the prime factors of z?
7
Let u(w) = w**2 - 4*w - 8. List the prime factors of u(-7).
3, 23
Let s = -309 + 433. Suppose s = 6*v - 44. What are the prime factors of v?
2, 7
Suppose -3*j = 2*y - 7, -2*y = -3*y + 2*j + 14. What are the prime factors of (y/(-6))/((-2)/18)?
2, 3
Let b = -19 + 48. Suppose 5*n + 100 = -5*o, 3*n - 35 = 6*n - 2*o. Let p = n + b. What are the prime factors of p?
2, 7
Suppose 2*b - 6*b - 83 = -i, -3*i = 3*b - 234. List the prime factors of i.
79
Let g(n) = n**3 - 5*n**2 - 6*n + 5. Let k be g(6). Suppose -k*q + 0 = -10. List the prime factors of q.
2
Suppose 343 = 4*a - 4*s + 5*s, -4*s = 4*a - 352. What are the prime factors of a?
5, 17
Let t(z) = -20*z**2 + 2*z + 1. Let s be t(-1). Suppose -4*l - 12 = -r, -r - 2*l = 3*r - 138. Let w = s + r. What are the prime factors of w?
11
Let q = 4 - -3. Let y = q + -3. What are the prime factors of y?
2
Suppose 2*l + 85 = 7*l. What are the prime factors of l?
17
Let w = -28 - -13. What are the prime factors of (-2)/(-5) - 144/w?
2, 5
Let v be -3*37*24/(-36). Let n = v + -51. What are the prime factors of n?
23
List the prime factors of (182/6)/((77/(-63))/(-11)).
3, 7, 13
Let j = 12 - 8. Suppose j*l - l - 51 = 0. What are the prime factors of l?
17
Suppose 0*a - 12 = 3*a. What are the prime factors of (a/4)/((-1)/31)?
31
Suppose 5 + 11 = 2*o. Suppose 4*c = o + 8. What are the prime factors of c?
2
List the prime factors of (71/(-4))/((-11)/44).
71
Suppose 3*h + 3*s - 183 = 0, 3*s = -s - 16. What are the prime factors of h?
5, 13
Let n = -6 - -10. Suppose -7*h - 5*y + 33 = -n*h, y = 0. List the prime factors of h.
11
Suppose 3*s = -2*x + 5 - 3, s - 3*x + 14 = 0. Suppose -3*y + t + 1 = 0, -y - 4*t = -0*y + 17. List the prime factors of -2 + y/(s/10).
3
Suppose -2*k - 3*y + 399 = 0, 0*y + 4*y - 792 = -4*k. List the prime factors of k.
3, 5, 13
Let o = 19 + -10. List the prime factors of o.
3
Suppose 3*b - b - 24 = 0. Suppose 2*n - b = 2. What are the prime factors of n?
7
Suppose 0*v = 2*v, 0 = 5*q - 4*v - 25. Suppose -q*f + 12 + 3 = 0. What are the prime factors of f?
3
Let y(l) = -5*l**2 + 3*l - 17. Let j(x) = 3*x**2 - 2*x + 9. Let n(q) = 7*j(q) + 4*y(q). List the prime factors of n(4).
3
Suppose 2*b = 7*b - 75. Suppose 5*h = 135 + b. What are the prime factors of h?
2, 3, 5
Suppose -21 - 9 = -3*a. Let d = a - -1. What are the prime factors of d?
11
Let j = 1 + 1. Suppose j*s + 18 = -10. List the prime factors of (2 - 0)*s/(-4).
7
Let q(x) = -x**3 - x + 16. Let f = 24 + -17. Let u = -7 + f. What are the prime factors of q(u)?
2
Suppose 4*t - 2*z + 279 = -7*z, 5*t = 4*z - 318. What are the prime factors of t/((-6 + 4)*1)?
3, 11
Let g be (-9)/(-6)*4/3. Suppose -8 = -4*y, 42 - 12 = g*w - y. List the prime factors of w.
2
Suppose -h + 0*h - 3*m + 16 = 0, 2*m = -5*h + 15. What are the prime factors of (-2)/(-2) + (4 - h)?
2
Let x be (3 + -20)*1*1. Let r = x + 24. What are the prime factors of r?
7
Suppose -5*z + 20 + 0 = 0. Suppose 0 = -z*f + 36 - 4. List the prime factors of f.
2
Suppose -3*x + 4 = x. Suppose 34 - x = v - 3*p, 5*v - 154 = 4*p. List the prime factors of v.
2, 3, 5
Let n = -19 + 19. Suppose -2*i - 4 = 0, b - i - 38 = -n*i. What are the prime factors of b?
2, 3
Suppose 2*z + z - 2*a = 0, 2*z - 5*a = -11. Let i = 5 - z. List the prime factors of i.
3
Let z be (-7 + 6)*(-46 - 0). Suppose -3*n = -7*n - 3*i + 92, -2*n + 3*i = -z. List the prime factors of n.
23
Let x(d) = -d - 5. Let l be x(-7). Suppose -l*s + 5*s = 9. What are the prime factors of s?
3
Let a(f) = f**3 - 10*f**2 - f + 10. Let s be a(10). Suppose 5*r = -0*r + 10. Suppose 20 = r*o - s*o. List the prime factors of o.
2, 5
Suppose 3*o = -i - 10, 3*i = -3*o - 12 - 6. Let a(m) = -m**3 - 2*m**2 + m - 2. List the prime factors of a(i).
2, 13
Let k(f) = f**3 - 12*f**2 - 32*f + 3. What are the prime factors of k(15)?
2, 3, 11
Let r(d) be the first derivative of d**5/60 + d**4/8 - d**3 + 3*d**2/2 - 1. Let n(o) be the second derivative of r(o). What are the prime factors of n(-6)?
2, 3
Let m be (2 - -58)/(-2) - 0. Let y be (-1 + 0)/(5/m). What are the prime factors of 4 - y/(-1 + -2)?
2, 3
Suppose 0 = -4*g + w + 70 + 8, 5*g - w = 98. What are the prime factors of g?
2, 5
Suppose 0 = g + 3*y - 90, 4*y = 5*g - y - 550. List the prime factors of g.
3, 5, 7
Let b be ((-10)/8)/(2/(-40)). Suppose 0 = 5*s - b + 115. Let g = 30 + s. List the prime factors of g.
2, 3
Let a(b) = b. Let o be a(0). Suppose 5*l = -o*l. Suppose l = -4*y + 2*h + 54, -y + 27 = 2*h - 7*h. What are the prime factors of y?
2, 3
Let w(c) = 2*c - 9. Suppose 2*i = 5*i - 78. Let o = -18 + i. List the prime factors of w(o).
7
Let f(l) = l**3 - 8*l**2 + 6*l + 3. Let v be f(6). Let z = v + 46. What are the prime factors of z?
13
Let u be 4 - ((-3)/(-3) - 2). Suppose -15 = -u*n + 5*w, n - 5*w + 3 = 2. Suppose n*y + d = 10, d + 2 = 4*y + 6*d. List the prime factors of y.
3
Let g(h) = -10*h + 21. List the prime factors of g(-7).
7, 13
Let a = 2 - 7. Let n = 5 + a. Suppose -4*p = -n*p - 48. What are the prime factors of p?
2, 3
Let d(b) = -b**3 - 10*b**2 - 11*b - 6. Suppose g - 5*g = -3*j - 3, -5*g + 2*j - 5 = 0. Let h = -12 - g. What are the prime factors of d(h)?
2, 3
Let o(j) = -j**2 + 7*j - 1. Let u be o(6). Suppose i = u*l - 0*i + 39, -3*l - 20 = -4*i. Let d = l - -18. List the prime factors of d.
2, 5
Let l be (7 - 6) + (1 - 5). What are the prime factors of l - (-1 + (-59)/1)?
3, 19
Let d = -13 + 23. What are the prime factors of d?
2, 5
Suppose 7 + 1 = 4*q. Let z(p) = 2*p**2 - p + 2. Let s be z(q). Let h = -2 + s. List the prime factors of h.
2, 3
Suppose -27 + 95 = 4*v. List the prime factors of v - (3 - 3)/(-3).
17
Let s = 4 + 1. Suppose l - 3*t = 18, -3*l - 43 = -6*l - 2*t. Suppose 0*i = 2*i, s*z + 4*i = l. What are the prime factors of z?
3
Let w(o) be the second derivative of -o**3/6 + 7*o**2/2 - 2*o. What are the prime factors of w(4)?
3
Let u = -13 + 28. What are the prime factors of 249/u + 6/15?
17
Suppose -5*k = 25, 0*a + 4*k = -4*a + 236. What are the prime factors of a?
2
Suppose 2*q = 2, q - 6 = g + 4*g. List the prime factors of g/(-2 - 114/(-58)).
29
Let s be ((-7)/3)/(2/(-36)). Suppose 0*r = 3*r - 5*k - s, -56 = -4*r - 2*k. What are the prime factors of r?
2, 7
Suppose 0 = -0*u - 3*u - 5*d + 392, 2*u + d - 259 = 0. What are the prime factors of u?
3, 43
What are the prime factors of 5*4/20 + 17?
2, 3
Let h(c) = c**2 + c. Let n be h(1). Let a = n + 3. List the prime factors of a.
5
Suppose -4 = -3*y + 2, -2*r - 2*y = -8. Suppose -r*w - 2 - 2 = 0. List the prime factors of (w/(-5))/(2/50).
2, 5
Suppose u + 44 - 67 = 0. What are the prime factors of u?
23
Let v be 3 - (-2)/(-4)*-2. Suppose 8*z = v*z + 196. What are the prime factors of z?
7
Let l(k) = 3*k + 11. Let r be l(-7). What are the prime factors of 24/20*r/(-3)?
2
Suppose b + 5*n - 80 = -2*b, -4 = -n. Suppose -4*q = 5*s